e highest common factor of 13016 and 392.
8
Calculate the greatest common factor of 2701 and 5183.
73
What is the greatest common divisor of 33 and 2574099?
33
What is the highest common factor of 16 and 682992?
16
Calculate the highest common factor of 9089 and 61.
61
What is the greatest common divisor of 2583 and 1386?
63
What is the highest common divisor of 88 and 52954?
22
Calculate the greatest common factor of 6990 and 282.
6
What is the highest common divisor of 58 and 6525?
29
What is the greatest common factor of 129 and 1269?
3
What is the highest common divisor of 2951 and 1729?
13
What is the highest common factor of 275 and 5275?
25
What is the highest common factor of 11259416 and 392?
392
Calculate the highest common divisor of 11825 and 10492.
43
What is the greatest common factor of 516 and 387?
129
What is the highest common divisor of 5467 and 3311?
77
What is the highest common factor of 4149 and 8766?
9
Calculate the greatest common divisor of 147101 and 16473.
289
Calculate the greatest common factor of 200403 and 63.
63
What is the greatest common factor of 2919259 and 7?
7
What is the greatest common divisor of 494 and 7501?
13
What is the highest common divisor of 249 and 2180161?
83
Calculate the highest common divisor of 240 and 2070.
30
Calculate the highest common divisor of 2210 and 1690.
130
Calculate the greatest common factor of 533107 and 87.
29
What is the highest common divisor of 352 and 21989?
11
Calculate the highest common divisor of 1536 and 2832.
48
What is the greatest common factor of 7704 and 468?
36
What is the greatest common factor of 908887 and 7?
7
What is the highest common divisor of 3213 and 64719?
459
Calculate the greatest common factor of 33490 and 850.
170
Calculate the greatest common factor of 515 and 4532.
103
Calculate the greatest common factor of 2478 and 5487.
177
Calculate the greatest common divisor of 767 and 4329.
13
Calculate the greatest common divisor of 469 and 76581.
67
What is the highest common divisor of 98933 and 131651?
779
What is the greatest common factor of 4529 and 1450574?
647
What is the greatest common factor of 369 and 1601829?
369
Calculate the greatest common divisor of 12342 and 3234.
66
Calculate the greatest common factor of 2537 and 472.
59
Calculate the highest common divisor of 986 and 22.
2
What is the greatest common factor of 48 and 11838?
6
What is the highest common divisor of 200 and 6680?
40
Calculate the highest common factor of 26488 and 184040.
344
What is the highest common divisor of 69830 and 10?
10
What is the greatest common divisor of 824636 and 7964?
724
Calculate the highest common divisor of 1962 and 6768.
18
Calculate the greatest common divisor of 16000 and 13824.
128
What is the highest common factor of 585 and 94965?
195
What is the highest common factor of 37 and 15075169?
37
What is the greatest common divisor of 332 and 340?
4
What is the greatest common factor of 133 and 245?
7
Calculate the highest common divisor of 1280 and 37880.
40
What is the greatest common divisor of 152168 and 184?
184
What is the greatest common divisor of 11493882 and 414?
414
What is the greatest common factor of 837 and 9275634?
837
What is the greatest common divisor of 808 and 34946?
202
What is the greatest common divisor of 5272 and 116643?
659
What is the greatest common divisor of 155611 and 427?
61
What is the greatest common factor of 13957 and 170?
17
What is the highest common divisor of 215 and 83635?
215
What is the highest common factor of 940 and 57105?
235
Calculate the highest common divisor of 561 and 254643.
51
Calculate the greatest common factor of 2095 and 419.
419
Calculate the highest common factor of 699 and 1688784.
699
What is the highest common divisor of 696 and 640668?
348
What is the greatest common divisor of 1308 and 186717?
327
Calculate the highest common divisor of 15602 and 522.
58
What is the greatest common divisor of 305 and 1223111?
61
Calculate the greatest common factor of 279216 and 176.
16
Calculate the greatest common factor of 10740 and 285.
15
Calculate the highest common divisor of 20 and 342740.
20
Calculate the highest common factor of 170 and 40840.
10
Calculate the highest common divisor of 178875 and 18900.
675
Calculate the highest common divisor of 3510 and 3640.
130
What is the highest common factor of 28615 and 531?
59
Calculate the greatest common factor of 24208 and 2136.
712
What is the greatest common divisor of 58764 and 10956?
996
What is the greatest common divisor of 60 and 42495?
15
What is the highest common divisor of 377 and 7397?
13
What is the greatest common divisor of 5243 and 2646?
49
What is the greatest common divisor of 64440 and 117?
9
What is the greatest common divisor of 13390 and 13905?
515
Calculate the highest common divisor of 32 and 217904.
16
What is the greatest common divisor of 27 and 8700?
3
Calculate the greatest common divisor of 5 and 362345.
5
What is the greatest common divisor of 19864 and 16?
8
Calculate the highest common factor of 835238 and 148.
74
Calculate the greatest common divisor of 272 and 289374.
34
Calculate the greatest common factor of 140183 and 83021.
1361
What is the greatest common factor of 256512 and 2304?
768
What is the highest common divisor of 32375 and 152810?
1295
What is the greatest common divisor of 1164 and 294?
6
Calculate the greatest common factor of 7 and 7613193.
7
Calculate the highest common divisor of 159816 and 576.
24
What is the highest common divisor of 20 and 22784?
4
Calculate the highest common divisor of 136 and 99144.
136
Calculate the greatest common divisor of 75 and 31830.
15
Calculate the greatest common divisor of 21 and 157339.
7
Calculate the greatest common divisor of 313 and 11581.
313
Calculate the highest common factor of 144 and 8388.
36
What is the highest common divisor of 2450 and 23520?
490
What is the greatest common divisor of 32248 and 3016?
232
What is the greatest common factor of 113 and 71303?
113
What is the greatest common divisor of 11 and 260447?
11
What is the greatest common divisor of 1007 and 4770?
53
What is the highest common divisor of 1472 and 41400?
184
What is the greatest common divisor of 115538 and 410?
82
What is the highest common factor of 211482 and 558?
558
What is the greatest common factor of 666 and 4754241?
333
Calculate the highest common divisor of 20 and 22124.
4
Calculate the greatest common divisor of 152 and 68837.
19
Calculate the greatest common divisor of 136147 and 913.
11
What is the greatest common factor of 896 and 480640?
128
What is the highest common factor of 3258 and 513?
9
What is the highest common divisor of 184 and 80845?
23
What is the highest common factor of 60 and 44090?
10
Calculate the highest common factor of 121352 and 6.
2
What is the greatest common divisor of 130089 and 49440?
309
What is the greatest common factor of 29920 and 3112?
8
Calculate the highest common factor of 826 and 7552.
118
What is the highest common divisor of 18292 and 102?
34
Calculate the highest common factor of 1539 and 176472.
513
What is the highest common factor of 2928 and 3504?
48
What is the highest common factor of 78 and 490542?
78
What is the greatest common divisor of 3710 and 210?
70
Calculate the highest common factor of 128 and 51104.
32
What is the greatest common divisor of 198 and 2013?
33
Calculate the highest common divisor of 12 and 10768.
4
What is the greatest common factor of 1387 and 247?
19
What is the highest common divisor of 3594318 and 8526?
1218
Calculate the greatest common divisor of 37 and 30673.
37
What is the highest common divisor of 644670 and 190?
190
Calculate the highest common divisor of 220191 and 228.
57
Calculate the highest common factor of 23433 and 2993.
73
Calculate the greatest common factor of 5000 and 173.
1
Calculate the greatest common divisor of 352 and 20064.
352
Calculate the highest common factor of 213 and 26483.
71
Calculate the greatest common factor of 1613 and 3146963.
1613
What is the greatest common factor of 8827 and 96224?
97
What is the highest common divisor of 1027 and 8927?
79
Calculate the greatest common divisor of 11966 and 10422.
386
Calculate the highest common divisor 